ed by 11?
10
What is the remainder when 229 is divided by 77?
75
Calculate the remainder when 37727 is divided by 12.
11
What is the remainder when 119 is divided by 26?
15
Calculate the remainder when 779 is divided by 60.
59
Calculate the remainder when 17 is divided by 1.
0
What is the remainder when 2132 is divided by 107?
99
Calculate the remainder when 142 is divided by 89.
53
Calculate the remainder when 192 is divided by 187.
5
Calculate the remainder when 1078 is divided by 13.
12
What is the remainder when 601 is divided by 22?
7
What is the remainder when 565 is divided by 272?
21
What is the remainder when 5132 is divided by 160?
12
Calculate the remainder when 3197 is divided by 128.
125
What is the remainder when 66 is divided by 6?
0
What is the remainder when 87 is divided by 73?
14
Calculate the remainder when 1930 is divided by 66.
16
What is the remainder when 1617 is divided by 12?
9
What is the remainder when 74 is divided by 42?
32
Calculate the remainder when 168 is divided by 51.
15
What is the remainder when 141 is divided by 117?
24
What is the remainder when 254 is divided by 85?
84
Calculate the remainder when 125 is divided by 20.
5
Calculate the remainder when 1769 is divided by 38.
21
What is the remainder when 102 is divided by 35?
32
Calculate the remainder when 9857 is divided by 18.
11
Calculate the remainder when 165 is divided by 53.
6
Calculate the remainder when 6658 is divided by 74.
72
What is the remainder when 3651 is divided by 87?
84
Calculate the remainder when 417 is divided by 140.
137
Calculate the remainder when 415 is divided by 62.
43
Calculate the remainder when 752 is divided by 13.
11
Calculate the remainder when 6546 is divided by 75.
21
Calculate the remainder when 6292 is divided by 35.
27
Calculate the remainder when 231 is divided by 49.
35
What is the remainder when 9719 is divided by 120?
119
What is the remainder when 798 is divided by 4?
2
What is the remainder when 152 is divided by 6?
2
Calculate the remainder when 2893 is divided by 42.
37
What is the remainder when 357 is divided by 164?
29
Calculate the remainder when 152 is divided by 31.
28
What is the remainder when 1943 is divided by 12?
11
Calculate the remainder when 4 is divided by 2.
0
Calculate the remainder when 203 is divided by 24.
11
Calculate the remainder when 206 is divided by 37.
21
What is the remainder when 100 is divided by 12?
4
Calculate the remainder when 17548 is divided by 30.
28
Calculate the remainder when 200 is divided by 17.
13
What is the remainder when 6803 is divided by 126?
125
Calculate the remainder when 19054 is divided by 323.
320
What is the remainder when 1506 is divided by 717?
72
What is the remainder when 1597 is divided by 39?
37
What is the remainder when 541 is divided by 158?
67
What is the remainder when 1959 is divided by 14?
13
Calculate the remainder when 4675 is divided by 30.
25
What is the remainder when 55 is divided by 8?
7
What is the remainder when 543 is divided by 14?
11
What is the remainder when 15933 is divided by 83?
80
Calculate the remainder when 369 is divided by 8.
1
Calculate the remainder when 876 is divided by 124.
8
Calculate the remainder when 401 is divided by 32.
17
What is the remainder when 162 is divided by 3?
0
What is the remainder when 695 is divided by 183?
146
What is the remainder when 137 is divided by 35?
32
Calculate the remainder when 97 is divided by 39.
19
Calculate the remainder when 3622 is divided by 55.
47
Calculate the remainder when 71 is divided by 28.
15
What is the remainder when 2046 is divided by 23?
22
What is the remainder when 1149 is divided by 287?
1
Calculate the remainder when 1569 is divided by 146.
109
What is the remainder when 8900 is divided by 24?
20
What is the remainder when 407 is divided by 8?
7
What is the remainder when 70 is divided by 3?
1
What is the remainder when 603 is divided by 6?
3
Calculate the remainder when 1101 is divided by 85.
81
What is the remainder when 263 is divided by 33?
32
What is the remainder when 75 is divided by 19?
18
Calculate the remainder when 371 is divided by 12.
11
Calculate the remainder when 733 is divided by 33.
7
Calculate the remainder when 277 is divided by 136.
5
Calculate the remainder when 63 is divided by 33.
30
Calculate the remainder when 635 is divided by 104.
11
What is the remainder when 273 is divided by 35?
28
Calculate the remainder when 92 is divided by 9.
2
Calculate the remainder when 1916 is divided by 96.
92
What is the remainder when 291 is divided by 253?
38
What is the remainder when 1551 is divided by 143?
121
What is the remainder when 74 is divided by 11?
8
Calculate the remainder when 20974 is divided by 16.
14
What is the remainder when 11153 is divided by 66?
65
Calculate the remainder when 15811 is divided by 21.
19
Calculate the remainder when 267 is divided by 30.
27
What is the remainder when 1181 is divided by 16?
13
What is the remainder when 157 is divided by 139?
18
Calculate the remainder when 3239 is divided by 120.
119
What is the remainder when 288 is divided by 55?
13
What is the remainder when 324 is divided by 42?
30
What is the remainder when 898 is divided by 174?
28
What is the remainder when 110 is divided by 38?
34
What is the remainder when 557 is divided by 112?
109
Calculate the remainder when 811 is divided by 29.
28
What is the remainder when 398 is divided by 194?
10
What is the remainder when 417 is divided by 35?
32
Calculate the remainder when 112 is divided by 16.
0
What is the remainder when 141 is divided by 47?
0
What is the remainder when 453 is divided by 18?
3
What is the remainder when 53 is divided by 35?
18
Calculate the remainder when 340 is divided by 38.
36
What is the remainder when 801 is divided by 49?
17
What is the remainder when 145 is divided by 33?
13
What is the remainder when 2706 is divided by 25?
6
Calculate the remainder when 176 is divided by 13.
7
What is the remainder when 67 is divided by 26?
15
What is the remainder when 3693 is divided by 77?
74
Calculate the remainder when 851 is divided by 40.
11
What is the remainder when 100 is divided by 52?
48
Calculate the remainder when 4391 is divided by 2192.
7
Calculate the remainder when 53 is divided by 14.
11
Calculate the remainder when 111 is divided by 16.
15
What is the remainder when 83 is divided by 71?
12
Calculate the remainder when 137 is divided by 24.
17
What is the remainder when 388 is divided by 45?
28
What is the remainder when 263 is divided by 88?
87
What is the remainder when 4135 is divided by 44?
43
Calculate the remainder when 572 is divided by 5.
2
What is the remainder when 308 is divided by 32?
20
What is the remainder when 232 is divided by 30?
22
What is the remainder when 84 is divided by 22?
18
Calculate the remainder when 318 is divided by 129.
60
What is the remainder when 2170 is divided by 12?
10
What is the remainder when 162 is divided by 14?
8
Calculate the remainder when 234 is divided by 30.
24
What is the remainder when 136 is divided by 35?
31
What is the remainder when 1231 is divided by 306?
7
Calculate the remainder when 136 is divided by 7.
3
Calculate the remainder when 763 is divided by 66.
37
Calculate the remainder when 701 is divided by 21.
8
What is the remainder when 1227 is divided by 11?
6
Calculate the remainder when 8579 is divided by 39.
38
Calculate the remainder when 6400 is divided by 194.
192
Calculate the remainder when 1099 is divided by 25.
24
What is the remainder when 4916 is divided by 37?
32
What is the remainder when 230 is divided by 26?
22
Calculate the remainder when 77 is divided by 15.
2
What is the remainder when 7256 is divided by 33?
29
What is the remainder when 3937 is divided by 22?
21
Calculate the remainder when 525 is divided by 135.
120
Calculate the remainder when 152 is divided by 73.
6
Calculate the remainder when 178 is divided by 31.
23
Calculate the remainder when 116 is divided by 14.
4
Calculate the remainder when 133 is divided by 34.
31
Calculate the remainder when 151 is divided by 12.
7
Calculate the remainder when 2978 is divided by 47.
17
What is the remainder when 38 is divided by 27?
11
What is the remainder when 3088 is divided by 33?